ivative of -x**5/60 + x**3/6 - x**2. Determine n(t).
0
Let o(v) be the first derivative of -v**3/3 + 3*v**2/2 + 4*v + 4. Determine o(3).
4
Let o(b) = b**2. Let m(p) = 1 + 2*p**2 + p**2 + 2*p - p**2. Let n be m(-1). Let c be n + 0 + (-5)/5. Calculate o(c).
0
Let k(b) = 2*b + 7. Suppose -39*q = -34*q + 30. Determine k(q).
-5
Let h(s) = 6*s + 2. Let k(u) = 5*u + 3. Let b(g) = -6*h(g) + 7*k(g). Determine b(7).
2
Let t(u) = 8 + 3*u**2 - 3 - 2*u**2 + 6*u. Let q = -2 + 2. Suppose q = 5*l - 0*l + 30. What is t(l)?
5
Let p(m) = -3*m**2 - 6*m + 0*m + 5*m + 2*m**2. Calculate p(-1).
0
Let t(w) = -w**2 + 5*w. Let j(i) = i + 4. Let y be j(-7). Let s be 2 - y/(-6)*-4. What is t(s)?
4
Let o(r) = -1. Let c(b) = -b**2 + 7*b + 9. Let v(g) = -c(g) - 4*o(g). Let j be v(8). Let p(w) = -w + 7. Determine p(j).
4
Suppose 5*w - q = 30, -2*q - 30 = -5*w + w. Suppose 3*t = -2*t + 3*d, 2*d - 19 = -3*t. Let f(l) = -5*l**2 - l + l**3 + 2 - l**3 + l**t. Give f(w).
-3
Let m(s) = s**2 - 5*s. Suppose 2*t + 3*t - 10 = 0. Suppose 3*c - 4 = t*c. Determine m(c).
-4
Suppose y + 3 = -2*i, -4*i - i = 20. Suppose 7*u + 4*h = 3*u, 5*u = y*h + 20. Let n(m) = -4*m**2 - 1 + 1 - m**3 + 5*m**2. Give n(u).
-4
Let j = 19 - 12. Let t = j + -6. Let l(s) = 11*s. What is l(t)?
11
Let o(i) = -i**2 + 2*i. Let a be o(2). Suppose a = k + 1 - 4. Let x(u) = -4 + u**2 + 3 + k - 5*u - 4. Calculate x(6).
4
Let i = 47 + -16. Suppose d - q = 2 - 1, -5*d - i = 4*q. Let c(k) = k + 2. What is c(d)?
-1
Let a(j) = j**2 - j**3 + 6 + 2*j**3 - 1. Let f(t) = t**3 + 5*t**2 - 5*t + 6. Let b(s) = s**3 + s**2 - 6. Let p be b(0). Let l be f(p). Calculate a(l).
5
Let g(f) = -4*f**2 + f + 2*f**2 - 1 + 3*f**2 - 2*f. Calculate g(3).
5
Let v(r) be the third derivative of -r**6/120 + r**5/15 - r**4/12 + r**3/3 + r**2. Let b = -10 + 13. Calculate v(b).
5
Let v(s) be the second derivative of -s**4/12 - s**3 - s**2 - 2*s. Let b = 3 - 6. Determine v(b).
7
Let a = 30 - 27. Let u(q) = -q**2 + q + 1. What is u(a)?
-5
Let g be (4/(-6))/((-1)/(-3)). Let d(v) be the third derivative of -v**6/180 - v**4/24 - 3*v**2. Let i(z) be the second derivative of d(z). What is i(g)?
8
Suppose -5*t - 2*s = -3*t + 10, 5*t = 3*s + 15. Let v(u) be the first derivative of -u**2/2 + 6*u + 73. Give v(t).
6
Let x(k) be the third derivative of -2/15*k**5 - 5/24*k**4 + 0*k - 1/120*k**6 - 8*k**2 + 0 + 3/2*k**3. What is x(-7)?
-5
Let f(j) = 10*j**3 - j - 1. Let u(y) = -4*y - 6. Let p be u(-4). Let v = 9 - p. Calculate f(v).
-10
Let p(j) = -j**3 + j**2. Let i(v) = -5*v**3 + 9*v**2 + 2*v - 4. Let c(y) = -i(y) + 4*p(y). Give c(5).
-6
Let d(p) = -4*p**3 + 2*p**2 - 2*p + 1. Let u(o) = o**3 + 6*o**2 - 2*o - 8. Let s be u(-6). Let j be s*(-1 - (-9)/6). Suppose -j*r - r = -3. Give d(r).
-3
Let p(r) = 4*r - 1. Let u(y) = -y. Let f(t) = -p(t) - 6*u(t). Let c(j) = j**2 + 4*j - 1. Let i be c(-5). Calculate f(i).
9
Suppose 0*n = -4*n. Let g(o) = n - 4 + 3 - 9*o - 4. Let u(a) = 8*a + 4. Let k(c) = -5*g(c) - 6*u(c). What is k(-2)?
7
Suppose 17 = 5*p + 5*o - 3, -15 = -5*p - 4*o. Let b be (-3 + (2 - 0))/p. Let q(d) = 10*d**2 - d. Give q(b).
9
Let s(u) = u**2 - 4*u - 3. Let l(p) = -p**3 - 6*p**2 - 7*p - 5. Let v be l(-5). Give s(v).
2
Let k(o) = -o**3 - 7*o**2 + 7*o - 5. Let v be k(-8). Let g(l) = 3*l - 1. Determine g(v).
8
Let x(q) = -2*q**2 - 5*q - 1. Let p(d) = -d**3 - 2*d**2 - 6*d - 1. Let l(v) = 3*p(v) - 4*x(v). Let f = 0 - 1. Give l(f).
4
Let o be -7*(0 + 1)*-1. Let x(c) = 2*c - 6. Calculate x(o).
8
Let c(a) = -24*a + 5*a**2 + 5 - a**2 - 3*a**2 + 35*a. Calculate c(-9).
-13
Suppose 4*h = -2*f + 16, -3*f + 8*f - 4*h - 26 = 0. Let x(l) be the first derivative of l**4/4 - 2*l**3 + l**2/2 - 8*l - 4. Determine x(f).
-2
Let a(n) = -13*n**3 + n**2 - n + 1. Suppose 0*z + 2*z + 4*t = 10, -4 = 4*z - 4*t. Give a(z).
-12
Let u(n) = 2*n**2 - 2*n - 1. Let c be -2 - 3/((-9)/12). Suppose -v + 15 = 2*v + 3*t, -c*t = -8. Let w = v + -2. What is u(w)?
3
Let y(g) be the first derivative of g**3/3 - 5*g**2/2 - 3*g - 6. Give y(4).
-7
Let v(k) = 5*k**2 - 36*k + 1. Let m(q) = -q**2 + 7*q. Let o(r) = -11*m(r) - 2*v(r). Calculate o(5).
-2
Suppose h + 0*b = -b - 4, 0 = -h + 3*b + 4. Let p(j) = -4*j**2 - 2*j + 1. What is p(h)?
-11
Let u(s) = -2*s**3 - s. Let o be u(-1). Let t(c) = 3 - 2*c + o*c + 7. Let q be t(-7). Let y(d) = d**2 - 4. Calculate y(q).
5
Let v(r) be the third derivative of r**7/5040 - r**6/180 - r**5/6 + 6*r**2. Let t(m) be the third derivative of v(m). Determine t(0).
-4
Suppose c = -2*c + 6. Let r(z) = z**3 - z**2 - z - 2. Calculate r(c).
0
Let f(y) = 2*y**2 - 5*y - 5. Suppose -15 = -0*x + 5*x. Let r(z) = 3*z**2 + 2*z**2 - 10*z**2 - 2 + 6*z**2 - 2*z. Let d(o) = x*f(o) + 7*r(o). Determine d(-3).
7
Let q(w) = -4*w**3 + w**2 - w - 1. Suppose 6*a - a + 5 = 0. What is q(a)?
5
Let i be -5*(1 + 3/(-5)). Let y be (-6)/(2 + 7/i). Suppose -h = -0*h - y. Let s(u) = 3*u - 6. Calculate s(h).
6
Let w(r) be the third derivative of r**4/24 + 11*r**3/6 - r**2. What is w(-8)?
3
Let q(s) = 6*s - 1 + 2 - 3. Suppose -50*h - 4 = -52*h. What is q(h)?
10
Let d = -20 + 18. Let z(s) = s**3 + 3*s**2 + s + 1. Determine z(d).
3
Let d(x) = -x**3 - 3*x**2 + 4*x + 1. Suppose 2*g - 6 = 3*h - h, 3*g + 19 = -h. Let m(j) = -j - 10. Let y be m(h). Let w = y - 1. Determine d(w).
1
Let f(q) = -q**3 - 7*q**2 - 5*q - 7. Let j = -37 + 31. Determine f(j).
-13
Let q(w) = -w**2 - 2*w + 4. Let u = -29 + 25. Calculate q(u).
-4
Suppose -5*t + 6 = -4*t. Let i(z) = z**3 - 10*z**2 - z + 4. Let r(d) = -d - 9*d**2 - 4*d**3 + 2*d**3 + 4 + 3*d**3. Let k(p) = t*r(p) - 5*i(p). Determine k(3).
-8
Let z(u) be the first derivative of u**2/2 + 3*u + 17. Calculate z(0).
3
Let f(k) = -k**2 - 1. Let w(p) be the first derivative of p**2/2 - 4*p + 3. Let t be w(4). Suppose -v = t, 3*l = 7*l + 3*v - 8. What is f(l)?
-5
Let o(v) = -v**3 + 3*v**2 + 5*v - 6. Let d(y) = -7 + 0*y**3 - 3*y**3 - y + 2*y**3 - 11*y**2. Let n be d(-11). Calculate o(n).
-2
Let n(o) be the first derivative of -o**2/2 + 4*o + 2. Suppose -2*u + 0*d - d = -9, 0 = 4*u - 3*d - 13. What is n(u)?
0
Let t(q) = -q**3 + 4*q**2 + 4*q - 5. Suppose -h - j + 29 = h, -3*h - 5*j + 47 = 0. Let r = h - 9. What is t(r)?
-10
Let y(o) = 4*o - 9. Let p(r) = r**2 - 2. Let s be p(2). Let q(b) = -b + 3. Let m(i) = s*y(i) + 7*q(i). Calculate m(-6).
-3
Let o(f) = f - 3. Let k be -12 + 2/(-2) + 0. Let b be -2 + 0 - (8 - 1). Let g = b - k. What is o(g)?
1
Suppose -l - 3*p = -2*l - 4, -3*l = 4*p - 1. Let u(b) = -3*b**2 + b. Calculate u(l).
-4
Let g(c) be the second derivative of 4*c**3/3 - c**2/2 + 32*c. Determine g(1).
7
Suppose -2*k = -q - 6 - 0, -11 = 4*q + 5*k. Let l be q/22 + (-6)/(-33). Let x(t) = 1 - 3*t**2 + l*t**2 + 4*t**2. Give x(-2).
5
Let c(g) = -g**3 + g**2 + g. Let o be (0/1 - 1) + 9. Let n = -8 + 10. Suppose -7*u - n = -o*u. Calculate c(u).
-2
Let v be (9 - 4)*(-2)/(-10). Let q(f) = -f**3. Calculate q(v).
-1
Let h(t) = -4*t - 1. Suppose -4 = -21*w + 22*w. Calculate h(w).
15
Let x(i) = i**2 - 4*i - 1. Suppose 2 + 7 = 3*p. Give x(p).
-4
Let a = 4 - 3. Suppose -2*i = 3*i. Let d(f) = f + i*f + 4*f**2 - 12*f**2. Calculate d(a).
-7
Suppose y = -5 + 8. Suppose 0 = -4*j + 2*c, 7*j = y*j + 4*c + 8. Let r(t) = 7*t + 3. Determine r(j).
-11
Let i(h) be the third derivative of 2*h**2 + 1/60*h**5 + 1/12*h**4 + 0*h + 0 + 1/6*h**3 + 7/120*h**6. Let k be (-5)/7 - 8/28. Determine i(k).
-7
Let y(o) = 4*o**2 - o**2 - o**2 + o**2 - o**3 + 2*o - 3. Determine y(4).
-11
Let d = 0 - 1. Let z(l) = 1. Let p(x) = -x**2 - 2*x - 4. Let y(g) = d*p(g) - 4*z(g). Calculate y(-2).
0
Suppose 4*k - 3 = 17. Let w(m) be the third derivative of 1/24*m**4 + 0*m + 0 + 1/6*m**3 - 2*m**2. What is w(k)?
6
Suppose 14*f - 12 = 11*f. Let i(h) = h**2 - 6*h + 5. What is i(f)?
-3
Let p(r) = -7*r - 1 - 10*r**2 + 35*r**2 - r**3 - 18*r**2. What is p(6)?
-7
Suppose 0 = -0*c - c + 4. Let k(l) = 2*l - 11. Let d(f) = -2*f + 10. Let o(p) = 6*d(p) + 5*k(p). What is o(c)?
-3
Suppose -3*q + 8 = 2. Let z(x) = 0*x**q - x**2 - 2*x + 4*x. What is z(3)?
-3
Let i(q) be the third derivative of -q**6/120 + 7*q**5/60 - q**4/3 + 22*q**2. Give i(6).
-12
Let b(k) = 7*k**3 - 8*k**2 - 6*k. Let w(i) = 3*i**3 - 4*i**2 - 3*i. Let m(j) = -4*b(j) + 9*w(j). Let d = 3 + -5. Determine m(d).
-2
Let g = -3 + 7. Suppose 3*s = -3*w - 24, g*s = w + w - 2. Let m(a) = a + 6. W